{"id":40355,"date":"2022-08-24T09:31:55","date_gmt":"2022-08-24T07:31:55","guid":{"rendered":"https:\/\/novalliance.net\/espace-prive\/?page_id=40355"},"modified":"2023-01-02T13:46:40","modified_gmt":"2023-01-02T12:46:40","slug":"charte-ethique","status":"publish","type":"page","link":"https:\/\/novalliance.net\/espace-prive\/vie-de-groupe\/charte-ethique\/","title":{"rendered":"Charte \u00e9thique"},"content":{"rendered":"\n<h1 class=\"wp-block-heading\">Charte \u00e9thique<\/h1>\n\n\n\n<p>La mission du groupe Novalliance est l&rsquo;am\u00e9lioration des plantes, la commercialisation de semences de l\u00e9gumes, la fourniture d&rsquo;intrants, d&rsquo;\u00e9quipements et outils agricoles pour les zones tropicales.<\/p>\n\n\n\n<p class=\"has-vivid-cyan-blue-color has-text-color\"><br>Pour mener \u00e0 bien sa mission, le Groupe a d\u00e9fini une strat\u00e9gie et des objectifs \u00e0 l&rsquo;horizon 2030.<br><strong>A DIFFERENT WORLD VISION constitue le socle de notre unicit\u00e9.<\/strong><\/p>\n\n\n\n<p><br>Le Groupe Novalliance se d\u00e9finit par un \u00e9tat d&rsquo;esprit qui ne repose pas seulement sur le profit mais aussi sur des valeurs fortes : <strong>innovation, esprit de conqu\u00eate et le respect des autres.<\/strong> Notre aspiration est d&rsquo;atteindre nos objectifs en s&rsquo;appuyant sur 3 piliers prioritaires :<\/p>\n\n\n\n<ul class=\"wp-block-list\">\n<li>Les ressources humaines <\/li>\n\n\n\n<li>La conformit\u00e9<\/li>\n\n\n\n<li>Le digital.<\/li>\n<\/ul>\n\n\n\n<div style=\"height:12px\" aria-hidden=\"true\" class=\"wp-block-spacer\"><\/div>\n\n\n<div class=\"wp-block-image\">\n<figure class=\"alignleft size-large is-resized\"><a href=\"https:\/\/novalliance.net\/espace-prive\/wp-content\/uploads\/sites\/5\/2022\/08\/code-ethique-novalliance.pdf\" target=\"_blank\" rel=\"noreferrer noopener\"><img loading=\"lazy\" decoding=\"async\" src=\"https:\/\/novalliance.net\/espace-prive\/wp-content\/uploads\/sites\/5\/2022\/08\/code-ethique-projet-1-724x1024.jpg\" alt=\"\" class=\"wp-image-40374\" width=\"70\" height=\"99\" srcset=\"https:\/\/novalliance.net\/espace-prive\/wp-content\/uploads\/sites\/5\/2022\/08\/code-ethique-projet-1-724x1024.jpg 724w, https:\/\/novalliance.net\/espace-prive\/wp-content\/uploads\/sites\/5\/2022\/08\/code-ethique-projet-1-212x300.jpg 212w, https:\/\/novalliance.net\/espace-prive\/wp-content\/uploads\/sites\/5\/2022\/08\/code-ethique-projet-1-768x1087.jpg 768w, https:\/\/novalliance.net\/espace-prive\/wp-content\/uploads\/sites\/5\/2022\/08\/code-ethique-projet-1-1085x1536.jpg 1085w, https:\/\/novalliance.net\/espace-prive\/wp-content\/uploads\/sites\/5\/2022\/08\/code-ethique-projet-1-1447x2048.jpg 1447w, https:\/\/novalliance.net\/espace-prive\/wp-content\/uploads\/sites\/5\/2022\/08\/code-ethique-projet-1-120x170.jpg 120w, https:\/\/novalliance.net\/espace-prive\/wp-content\/uploads\/sites\/5\/2022\/08\/code-ethique-projet-1-245x343.jpg 245w, https:\/\/novalliance.net\/espace-prive\/wp-content\/uploads\/sites\/5\/2022\/08\/code-ethique-projet-1-1320x1868.jpg 1320w, https:\/\/novalliance.net\/espace-prive\/wp-content\/uploads\/sites\/5\/2022\/08\/code-ethique-projet-1-scaled.jpg 1809w\" sizes=\"auto, (max-width: 70px) 100vw, 70px\" \/><\/a><\/figure>\n<\/div>\n\n\n<p>Un <a href=\"https:\/\/novalliance.net\/espace-prive\/wp-content\/uploads\/sites\/5\/2022\/08\/code-ethique-novalliance.pdf\" target=\"_blank\" rel=\"noreferrer noopener\"><strong><span style=\"text-decoration: underline;\">code \u00e9thique<\/span><\/strong> <\/a>est dor\u00e9navant diffus\u00e9. Il est bas\u00e9 sur des r\u00e8gles simples communes \u00e0 tous les collaborateurs du Groupe, quel que soit le m\u00e9tier, le pays, la nationalit\u00e9 et la position.<\/p>\n\n\n\n<p><\/p>\n\n\n\n<div style=\"height:53px\" aria-hidden=\"true\" class=\"wp-block-spacer\"><\/div>\n\n\n\n<p><strong>CODE \u00c9THIQUE<\/strong><\/p>\n\n\n\n<p>Ce code \u00e9thique s&rsquo;articule autour de 5 piliers compl\u00e9mentaires<\/p>\n\n\n\n<ol class=\"wp-block-list\">\n<li><strong>La dignit\u00e9<\/strong><\/li>\n\n\n\n<li><strong>L&rsquo;int\u00e9grit\u00e9<\/strong><\/li>\n\n\n\n<li><strong>L&rsquo;honn\u00eatet\u00e9<\/strong><\/li>\n\n\n\n<li><strong>La pr\u00e9servation du Groupe<\/strong><\/li>\n\n\n\n<li><strong>La vigilance<\/strong><\/li>\n<\/ol>\n\n\n\n<p class=\"has-vivid-cyan-blue-color has-text-color\"><strong>Le respect de ces principes entrainera une \u00e9volution individuelle et collective de tous les collaborateurs du Groupe.<\/strong><\/p>\n\n\n<div class=\"wp-block-image\">\n<figure class=\"alignleft size-large\"><a href=\"https:\/\/novalliance.net\/espace-prive\/wp-content\/uploads\/sites\/5\/2022\/08\/code-ethique-novalliance.pdf\" target=\"_blank\" rel=\"noreferrer noopener\"><img loading=\"lazy\" decoding=\"async\" width=\"1024\" height=\"683\" src=\"https:\/\/novalliance.net\/espace-prive\/wp-content\/uploads\/sites\/5\/2022\/08\/a4_brochure_code-ethique-1024x683.jpg\" alt=\"\" class=\"wp-image-40356\" srcset=\"https:\/\/novalliance.net\/espace-prive\/wp-content\/uploads\/sites\/5\/2022\/08\/a4_brochure_code-ethique-1024x683.jpg 1024w, https:\/\/novalliance.net\/espace-prive\/wp-content\/uploads\/sites\/5\/2022\/08\/a4_brochure_code-ethique-300x200.jpg 300w, https:\/\/novalliance.net\/espace-prive\/wp-content\/uploads\/sites\/5\/2022\/08\/a4_brochure_code-ethique-768x512.jpg 768w, https:\/\/novalliance.net\/espace-prive\/wp-content\/uploads\/sites\/5\/2022\/08\/a4_brochure_code-ethique-1536x1024.jpg 1536w, https:\/\/novalliance.net\/espace-prive\/wp-content\/uploads\/sites\/5\/2022\/08\/a4_brochure_code-ethique-2048x1365.jpg 2048w, https:\/\/novalliance.net\/espace-prive\/wp-content\/uploads\/sites\/5\/2022\/08\/a4_brochure_code-ethique-170x113.jpg 170w, https:\/\/novalliance.net\/espace-prive\/wp-content\/uploads\/sites\/5\/2022\/08\/a4_brochure_code-ethique-1320x880.jpg 1320w\" sizes=\"auto, (max-width: 1024px) 100vw, 1024px\" \/><\/a><\/figure>\n<\/div>","protected":false},"excerpt":{"rendered":"<p>Charte \u00e9thique La mission du groupe Novalliance est l&rsquo;am\u00e9lioration des plantes, la commercialisation de semences de l\u00e9gumes, la fourniture d&rsquo;intrants, d&rsquo;\u00e9quipements et outils agricoles pour les zones tropicales. Pour mener \u00e0 bien sa mission, le Groupe a d\u00e9fini une strat\u00e9gie et des objectifs \u00e0 l&rsquo;horizon 2030.A DIFFERENT WORLD VISION constitue le socle de notre unicit\u00e9. [&hellip;]<\/p>\n","protected":false},"author":447,"featured_media":0,"parent":4772,"menu_order":313,"comment_status":"closed","ping_status":"closed","template":"template-content.php","meta":{"_acf_changed":false,"footnotes":""},"class_list":["post-40355","page","type-page","status-publish","hentry"],"acf":[],"_links":{"self":[{"href":"https:\/\/novalliance.net\/espace-prive\/wp-json\/wp\/v2\/pages\/40355","targetHints":{"allow":["GET"]}}],"collection":[{"href":"https:\/\/novalliance.net\/espace-prive\/wp-json\/wp\/v2\/pages"}],"about":[{"href":"https:\/\/novalliance.net\/espace-prive\/wp-json\/wp\/v2\/types\/page"}],"author":[{"embeddable":true,"href":"https:\/\/novalliance.net\/espace-prive\/wp-json\/wp\/v2\/users\/447"}],"replies":[{"embeddable":true,"href":"https:\/\/novalliance.net\/espace-prive\/wp-json\/wp\/v2\/comments?post=40355"}],"version-history":[{"count":8,"href":"https:\/\/novalliance.net\/espace-prive\/wp-json\/wp\/v2\/pages\/40355\/revisions"}],"predecessor-version":[{"id":42543,"href":"https:\/\/novalliance.net\/espace-prive\/wp-json\/wp\/v2\/pages\/40355\/revisions\/42543"}],"up":[{"embeddable":true,"href":"https:\/\/novalliance.net\/espace-prive\/wp-json\/wp\/v2\/pages\/4772"}],"wp:attachment":[{"href":"https:\/\/novalliance.net\/espace-prive\/wp-json\/wp\/v2\/media?parent=40355"}],"curies":[{"name":"wp","href":"https:\/\/api.w.org\/{rel}","templated":true}]}}