{"id":22253,"date":"2021-05-12T11:51:44","date_gmt":"2021-05-12T09:51:44","guid":{"rendered":"https:\/\/novalliance.net\/espace\/?page_id=22253"},"modified":"2024-07-03T10:09:17","modified_gmt":"2024-07-03T08:09:17","slug":"supports-de-communication","status":"publish","type":"page","link":"https:\/\/novalliance.net\/espace-prive\/supports-de-communication\/","title":{"rendered":"Supports de communication"},"content":{"rendered":"\n<figure class=\"wp-block-image size-large\"><img loading=\"lazy\" decoding=\"async\" width=\"1024\" height=\"276\" src=\"http:\/\/novalliance.net\/espace-prive\/wp-content\/uploads\/sites\/5\/2024\/07\/supports-de-com-1024x276.jpg\" alt=\"\" class=\"wp-image-60496\" srcset=\"https:\/\/novalliance.net\/espace-prive\/wp-content\/uploads\/sites\/5\/2024\/07\/supports-de-com-1024x276.jpg 1024w, https:\/\/novalliance.net\/espace-prive\/wp-content\/uploads\/sites\/5\/2024\/07\/supports-de-com-300x81.jpg 300w, https:\/\/novalliance.net\/espace-prive\/wp-content\/uploads\/sites\/5\/2024\/07\/supports-de-com-768x207.jpg 768w, https:\/\/novalliance.net\/espace-prive\/wp-content\/uploads\/sites\/5\/2024\/07\/supports-de-com-1536x415.jpg 1536w, https:\/\/novalliance.net\/espace-prive\/wp-content\/uploads\/sites\/5\/2024\/07\/supports-de-com-2048x553.jpg 2048w, https:\/\/novalliance.net\/espace-prive\/wp-content\/uploads\/sites\/5\/2024\/07\/supports-de-com-170x46.jpg 170w, https:\/\/novalliance.net\/espace-prive\/wp-content\/uploads\/sites\/5\/2024\/07\/supports-de-com-1320x356.jpg 1320w\" sizes=\"auto, (max-width: 1024px) 100vw, 1024px\" \/><\/figure>\n\n\n\n<div class=\"wp-block-columns is-layout-flex wp-container-core-columns-is-layout-9d6595d7 wp-block-columns-is-layout-flex\">\n<div class=\"wp-block-column is-layout-flow wp-block-column-is-layout-flow\" style=\"flex-basis:90%\">\n<p>Retrouvez l\u2019ensemble des supports de communication de Novalliance. Brochures, newsletters Novalliance, livrets, charte graphique\u2026 tous ces supports vous seront d\u2019une grande aide pour bien comprendre comment nous fonctionnons mais aussi \u00eatre au courant de l\u2019actualit\u00e9 du Groupe.<\/p>\n\n\n\n<p>D\u2019ailleurs si vous souhaitez publier un article dans la prochaine newsletter Novalliance ou nous faire part d\u2019une actualit\u00e9 au sein de votre structure, n\u2019h\u00e9sitez pas \u00e0 nous \u00e9crire \u00e0 l\u2019adresse mail suivante&nbsp;: <a href=\"mailto:communication@novalliance.net\">communication@novalliance.net<\/a>.<\/p>\n<\/div>\n<\/div>\n","protected":false},"excerpt":{"rendered":"<p>Retrouvez l\u2019ensemble des supports de communication de Novalliance. Brochures, newsletters Novalliance, livrets, charte graphique\u2026 tous ces supports vous seront d\u2019une grande aide pour bien comprendre comment nous fonctionnons mais aussi \u00eatre au courant de l\u2019actualit\u00e9 du Groupe. D\u2019ailleurs si vous souhaitez publier un article dans la prochaine newsletter Novalliance ou nous faire part d\u2019une actualit\u00e9 [&hellip;]<\/p>\n","protected":false},"author":1,"featured_media":0,"parent":0,"menu_order":83,"comment_status":"closed","ping_status":"closed","template":"template-supp_com.php","meta":{"_acf_changed":false,"footnotes":""},"class_list":["post-22253","page","type-page","status-publish","hentry"],"acf":[],"_links":{"self":[{"href":"https:\/\/novalliance.net\/espace-prive\/wp-json\/wp\/v2\/pages\/22253","targetHints":{"allow":["GET"]}}],"collection":[{"href":"https:\/\/novalliance.net\/espace-prive\/wp-json\/wp\/v2\/pages"}],"about":[{"href":"https:\/\/novalliance.net\/espace-prive\/wp-json\/wp\/v2\/types\/page"}],"author":[{"embeddable":true,"href":"https:\/\/novalliance.net\/espace-prive\/wp-json\/wp\/v2\/users\/1"}],"replies":[{"embeddable":true,"href":"https:\/\/novalliance.net\/espace-prive\/wp-json\/wp\/v2\/comments?post=22253"}],"version-history":[{"count":8,"href":"https:\/\/novalliance.net\/espace-prive\/wp-json\/wp\/v2\/pages\/22253\/revisions"}],"predecessor-version":[{"id":69495,"href":"https:\/\/novalliance.net\/espace-prive\/wp-json\/wp\/v2\/pages\/22253\/revisions\/69495"}],"wp:attachment":[{"href":"https:\/\/novalliance.net\/espace-prive\/wp-json\/wp\/v2\/media?parent=22253"}],"curies":[{"name":"wp","href":"https:\/\/api.w.org\/{rel}","templated":true}]}}